-10?
-66
In base 6, what is -13 - 1101?
-1114
In base 11, what is 2207 + -2?
2205
In base 5, what is -43021 - -3?
-43013
In base 16, what is 3e0 - -2?
3e2
In base 16, what is 4 - 270?
-26c
In base 6, what is -434 - -1?
-433
In base 3, what is 20212020 + 1?
20212021
In base 4, what is 1301203 + 1?
1301210
In base 5, what is -4 - 10003?
-10012
In base 12, what is -3 + -96?
-99
In base 14, what is 1 - 4a?
-49
In base 16, what is -5 - -17?
12
In base 15, what is -7 - 3b0?
-3b7
In base 5, what is 3 - 100?
-42
In base 2, what is -101 - -11001111000?
11001110011
In base 10, what is -5 - 364?
-369
In base 11, what is 5 - 49?
-44
In base 14, what is -8 + 2?
-6
In base 13, what is -4 + 110?
109
In base 8, what is 13 + -5?
6
In base 10, what is 2396 + 3?
2399
In base 8, what is 114 - -5?
121
In base 2, what is 100011011111010 + 101?
100011011111111
In base 9, what is -1 + 436?
435
In base 6, what is -3401 - 1?
-3402
In base 11, what is 5 + 2?
7
In base 14, what is 2 - -2204?
2206
In base 14, what is -b + c?
1
In base 7, what is -4 - 1626?
-1633
In base 5, what is 21100 - -1?
21101
In base 9, what is 4 + -125?
-121
In base 6, what is 1042 - -1?
1043
In base 4, what is -22 - -13?
-3
In base 10, what is 3 + 183?
186
In base 4, what is 2311021 - -1?
2311022
In base 15, what is -11 - 27?
-38
In base 13, what is -3 + 539?
536
In base 5, what is -10333 + -4?
-10342
In base 6, what is 33 - 5?
24
In base 7, what is -2 - 5?
-10
In base 14, what is d + 3?
12
In base 12, what is -123 + 5?
-11a
In base 6, what is -4 + -241?
-245
In base 9, what is 13 - 15?
-2
In base 15, what is 1 - -7?
8
In base 3, what is 11011 + -2?
11002
In base 6, what is 5 + 355?
404
In base 2, what is -1011000 + -100?
-1011100
In base 13, what is -c + -166?
-175
In base 2, what is 10011 + 10011?
100110
In base 7, what is 6242 + 0?
6242
In base 12, what is -a + 62?
54
In base 15, what is -bc2 + -5?
-bc7
In base 8, what is 43 + -15?
26
In base 2, what is -11111 - -100?
-11011
In base 9, what is 148 + -5?
143
In base 7, what is 23053 - 1?
23052
In base 5, what is -11 + -1124?
-1140
In base 15, what is -20 + -13c?
-15c
In base 2, what is 1011000 - 1001?
1001111
In base 12, what is -12a09 - 4?
-12a11
In base 9, what is -16820 - 1?
-16821
In base 13, what is -1 + -34?
-35
In base 10, what is 1248 - -4?
1252
In base 14, what is 4 - 7?
-3
In base 9, what is 34 - 41?
-6
In base 5, what is 41141 - -3?
41144
In base 3, what is -12102 - -2?
-12100
In base 16, what is 1e + -16?
8
In base 10, what is 33 + 84?
117
In base 15, what is 3 - -6a?
6d
In base 4, what is -33300 + -1?
-33301
In base 7, what is 3 + -14?
-11
In base 9, what is 5554 + 4?
5558
In base 8, what is 4264 - 3?
4261
In base 15, what is -5 + -5cb?
-5d1
In base 14, what is -4 + 16c?
168
In base 2, what is -11001 - -1110?
-1011
In base 11, what is 97 + 11?
a8
In base 5, what is -10213 + 3?
-10210
In base 12, what is -2 - -6a?
68
In base 9, what is 4220 - 2?
4217
In base 13, what is 4 + -1327?
-1323
In base 8, what is -26 - -15?
-11
In base 15, what is 21 + -8?
18
In base 11, what is -4 - -192?
189
In base 4, what is -1 - -21?
20
In base 3, what is -10211 + 0?
-10211
In base 10, what is 12 - -1?
13
In base 13, what is -229 - -3?
-226
In base 16, what is -51 + -7?
-58
In base 4, what is -13 + -13?
-32
In base 7, what is 14 - -214?
231
In base 15, what is 0 - 42?
-42
In base 15, what is -5 - 291?
-296
In base 12, what is 10 - 3?
9
In base 15, what is -149 - 3?
-14c
In base 15, what is -c5 - -b?
-b9
In base 12, what is -12 - -11?
-1
In base 13, what is 28b + 1?
28c
In base 2, what is 101010 + 101?
101111
In base 2, what is 110 - -100011000?
100011110
In base 13, what is -803 + -5?
-808
In base 4, what is -3232 - -13?
-3213
In base 15, what is 2aa + 2?
2ac
In base 10, what is -121 - -2?
-119
In base 9, what is 88 - 5?
83
In base 2, what is -110 + -100000000000?
-100000000110
In base 7, what is 1063 - -1?
1064
In base 7, what is 3 - 111?
-105
In base 16, what is -50 - -1?
-4f
In base 10, what is 3 - 3355?
-3352
In base 16, what is 51c + -1?
51b
In base 6, what is -20514 - -4?
-20510
In base 7, what is 1245 + -3?
1242
In base 5, what is -3241 - 4?
-3300
In base 15, what is 42 - 98?
-56
In base 9, what is -3 + -102?
-105
In base 6, what is 50 - 4?
42
In base 2, what is -100000 + -1?
-100001
In base 3, what is -110 - -11002?
10122
In base 9, what is -456 + 2?
-454
In base 5, what is -2022 - 1?
-2023
In base 2, what is 0 + -10001101100?
-10001101100
In base 6, what is -3 + -4134?
-4141
In base 6, what is 3 - -234?
241
In base 5, what is 3 - 102211?
-102203
In base 15, what is e - -10?
1e
In base 16, what is b - 23?
-18
In base 6, what is 12433 - 4?
12425
In base 14, what is -2 - -21?
1d
In base 6, what is -2 - 1014?
-1020
In base 6, what is 3 + 1524?
1531
In base 8, what is 4 - 15?
-11
In base 6, what is 524 - -20?
544
In base 6, what is 23 + -13?
10
In base 5, what is 1101 - -3?
1104
In base 3, what is 1 - 2012212?
-2012211
In base 6, what is -143 - 311?
-454
In base 7, what is -3 - 203?
-206
In base 4, what is 13002 + 2?
13010
In base 10, what is -3 + 331?
328
In base 8, what is 60 + 5?
65
In base 8, what is 35 + -13?
22
In base 15, what is -133 - 3?
-136
In base 11, what is -4 - -27?
23
In base 14, what is 5 + -91?
-8a
In base 3, what is 21122021 - -2?
21122100
In base 2, what is -1110 - 1001?
-10111
In base 13, what is 387 + 0?
387
In base 8, what is 106 + -5?
101
In base 7, what is -42 + 32?
-10
In base 13, what is 266 + 1?
267
In base 6, what is -2 - -30?
24
In base 9, what is 22 + -28?
-6
In base 11, what is 1 + -72?
-71
In base 4, what is 3 - 1310?
-1301
In base 5, what is 1212 + 11?
1223
In base 11, what is 18 - -58?
75
In base 6, what is 210 - -3?
213
In base 4, what is 212 + -1303?
-1031
In base 9, what is -731 - -2?
-728
In base 13, what is -26aa - 4?
-26b1
In base 8, what is 1 - -434?
435
In base 2, what is -11001110 + -100?
-11010010
In base 2, what is -11 - -1100000100?
1100000001
In base 3, what is 1010111 - -1010?
1011121
In base 11, what is -27 + 4?
-23
In base 8, what is 516 + 0?
516
In base 15, what is 5 - 6a?
-65
In base 13, what is -2c8 + 1?
-2c7
In base 12, what is 0 - -3?
3
In base 3, what is -10 - 11100111?
-11100121
In base 8, what is -27 + -5?
-34
In base 2, what is -1010000111110 - -101?
-1010000111001
In base 15, what is 4 + 12a?
12e
In base 6, what is 4 + 20141?
20145
In base 10, what is -1398 + -3?
-1401
In base 11, what is -74 - 10a?
-183
In base 6, what is 4 - -145?
153
In base 2, what is -101 + 0?
-101
In base 5, what is 1013 + -21?
442
In base 10, what is -53 - 1?
-54
In base 2, what is -11 - 1010010000?
-1010010011
In base 15, what is -2 + -4c?
-4e
In base 4, what is 20 + 2002?
2022
In base 2, what is -1100 - -110011101?
110010001
In base 13, what is -23 - 24?
-47
In base 7, what is 55536 - 1?
55535
In base 9, what is 24 - 4?
20
In base 11, what is 4 - -7?
10
In base 6, what is -40 + -25?
-105
In base 3, what is -2100120 - 12?
-2100202
In base 11, what is 585 + -1?
584
In base 16, what is 1d + 1?
1e
In base 11, what is -200 + 3?
-1a8
In base 7, what is -34526 - 0?
-34526
In base 8, what is 215 + 12?
227
In base 14, what is 23 + -9?
18
In base 11, what is -638 - -16?
-622
In base 12, what is 0 + 152a?
152a
In base 13, what is 1 + -71?
-70
In base 11, what is -a + -141?
-150
In base 11, what is -2 + 207?
205
In base 16, what is 70 - -ca?
13a
In base 7, what is -6 + -1314?
-1323
In base 3, what is -202121 - -120?
-202001
In base 4, what is -11 - 1131?
-1202
In base 5, what is 4 - -1134?
1143
In base 7, what is -260 - 12?
-302
In base 3, what is -1220 + 211?
-1002
In base 9, what is -18 - 51?
-70
In base 13, what is -3 - 1?
-4
In base 2, what is 101 - 110000?
-101011
In base 11, what is 4 + -21?
-18
In base 4, what is -10013 - 11?
-10030
In base 9, what is 2 + 10?
12
In base 2, what is -10010011 + 0?
-10010011
In base 6, what is -3 + -505?
-512
In base 6, what is 2 - -1011?
1013
In base 5, what is 11 - -134?
200
In base 9, what is 158 + 4?
163
In base 4, what is 12 + 11?
23
In base 16, what is -6 - -13?
d
In base 14, what is 236 + -b?
229
In base 14, what is -11c + -d?
-12b
In base 3, what is -2112 - -201?
-1211
In base 8, what is -2007 - 1?
-2010
In base 5, what is -12242 - 4?
-12301
In base 14, what is 11b3 + -5?
11a